re the prime factors of p?
3, 5, 7
Suppose -3*g = 4*k - 6698, 62*k - 3350 = 60*k - 2*g. List the prime factors of k.
7, 239
Suppose 0*b + b - 4*c = 251, 4*c + 1175 = 5*b. List the prime factors of b.
3, 7, 11
Suppose -4*w + 8*w = v + 7257, -3*w + 2*v + 5449 = 0. List the prime factors of w.
7, 37
Let u(b) = -2*b + 11. Let k be u(6). Let g(c) = -32*c + 2. Let y be g(k). Suppose 0 = -5*p + 111 + y. What are the prime factors of p?
29
Let l(w) = -w**3 - 19*w**2 - 21*w - 130. List the prime factors of l(-21).
1193
Let u(s) = -s**2 + 6*s**2 + 3 + s - 1 + 0. What are the prime factors of u(-3)?
2, 11
Let y = 454 + -294. What are the prime factors of y?
2, 5
Let z = 5 - 1. Suppose 5*l = 4*q + 1101, 3*q + 1097 = l + z*l. Suppose 5*p - l = -0*a - 4*a, -4*p = -4. List the prime factors of a.
53
Suppose 0 = 3*w + 5*v - 8153, 2*v + v = 2*w - 5467. List the prime factors of w.
2, 29, 47
Let k = 39 - 14. Suppose -2*b - 25 = k. Let i = -13 - b. List the prime factors of i.
2, 3
Let b = -6 - -4. Let w = -2 - b. Suppose -2*i + 5*x + 36 = w, 3*x + 22 + 23 = 3*i. What are the prime factors of i?
13
Suppose -4*g + 6218 = -2*x, 0 = -4*g - 12*x + 10*x + 6238. List the prime factors of g.
3, 173
Let j = 820 + -711. What are the prime factors of j?
109
Let b = -4 + 10. Let z be -1*(7 - 3 - b). Let q(k) = 12*k**2 - k + 1. List the prime factors of q(z).
47
Let t(r) = -r**3 - 19*r**2 + 20*r + 8. Let u = -21 + 1. What are the prime factors of t(u)?
2
Let l = 81 - -31. Let z be (-10)/15 - l/(-6). Let x = z - -2. What are the prime factors of x?
2, 5
Let q be (-1)/((-5)/(-10)) - -8. Suppose -q = 3*f, 2*s + 2*s - 4*f = 300. What are the prime factors of s?
73
Suppose 978 = s + s + 2*c, -4*s + c = -1961. What are the prime factors of s?
2, 5, 7
Let p(x) = -x - 9. Let h be p(-11). Suppose -3*m = -5*m - 3*u + 18, -h*u + 52 = 4*m. List the prime factors of ((-16)/(-3))/(5/m).
2
Suppose 96 = -3*a - 24. Let o = -20 - a. What are the prime factors of o?
2, 5
Let j(r) = 2*r + 2. Let t be j(9). Suppose -v + 0 + 2 = 0. Suppose -v*d - 2*x = -10, -5*d + t + 2 = 2*x. List the prime factors of d.
2
Let z be 3/((-33)/(-6) + -4). Suppose 0*i - 4*i = -108. Suppose i = z*q - 17. What are the prime factors of q?
2, 11
Let x(p) = -p - 2. Let u be x(-3). Suppose -4*n = -u - 19. Suppose 27 = -n*z + 172. List the prime factors of z.
29
Suppose 3*m - 2*r + r = -28, 12 = -m - r. Suppose -3*f = 2*s + 31, 39 + 50 = -4*s + 3*f. Let l = m - s. List the prime factors of l.
2, 5
What are the prime factors of 5/((-60)/(-618))*32/2?
2, 103
Let i(w) = -2*w**3 - 3*w**2 + 3*w - 9. Let y be i(-4). Let s = -40 + y. List the prime factors of s.
19
Suppose -3025 = -8*n + 87. Let z = n - 219. List the prime factors of z.
2, 5, 17
Let t(r) = r**2 - 5*r - 3. Let x be t(4). Let y = x + 6. List the prime factors of -38*(-3)/(-6)*y.
19
Suppose -3*r = 2*s - 256, 4*s + 6*r - 494 = 9*r. What are the prime factors of s?
5
Suppose 27*f - 17331 = 12045. List the prime factors of f.
2, 17
Let x(w) = w**2 - 4*w + 17. Let k(j) = -j**3 - 6*j**2 + 5*j - 2. Let p be k(-7). What are the prime factors of x(p)?
113
Let p be -112 - -5 - 3/(-3)*1. What are the prime factors of (p/8)/(10/(-120))?
3, 53
Suppose d - 3*d - g - 82 = 0, 50 = -d + 4*g. Let p = 17 - d. List the prime factors of p.
59
Let y(f) = 122*f - 32. List the prime factors of y(3).
2, 167
Suppose -v - 8 = v. Let b be (3 + v)*-6 - 4. Let y = 16 + b. List the prime factors of y.
2, 3
What are the prime factors of (-9 - -254) + 1 + -2 + 3?
13, 19
Let z be (-36)/(-42)*7*-2. Let i = z - -14. Suppose -4*v = -i*p + 54, 0*v - 50 = -2*p + 3*v. What are the prime factors of p?
19
Let g be (1 - -10) + 0 + -5. Suppose 0 = -g*k + 123 + 45. What are the prime factors of k?
2, 7
List the prime factors of (3*8/(-60))/(2/(-2230)).
2, 223
Let j(u) = 2262*u + 23. List the prime factors of j(1).
5, 457
Let h(m) = -5*m**2 - 2*m. Let w(y) = 6*y**2 + 2*y. Let r(n) = 5*h(n) + 4*w(n). Let q be r(-3). What are the prime factors of (-3)/9*q*25?
5
Let b(c) = c + 13. Let s be b(-11). Let l(x) = 9 - 18 + s*x + 7. What are the prime factors of l(10)?
2, 3
Let c(l) = 9*l**3 - l**2 + 4*l + 3. Let w be c(-2). What are the prime factors of -3 - 0 - (-1 + w + -2)?
3
List the prime factors of -20*((-2)/4)/((-4)/(-184)).
2, 5, 23
Let k(v) = 361*v - 33. List the prime factors of k(3).
2, 3, 5, 7
Suppose -7*q + 21 - 7 = 0. List the prime factors of 1004/18 + q/9.
2, 7
Let d(g) = 51*g + 19. List the prime factors of d(26).
5, 269
Suppose 1304 = 4*h + 144. Let o = h - 168. Let m = o - 71. What are the prime factors of m?
3, 17
Suppose -22667 = 169*r - 188*r. What are the prime factors of r?
1193
Suppose 3*u = 4*j - 20, 2*j + j = 4*u + 15. Suppose -918 = -u*r - 5*r - d, 0 = -r + 3*d + 190. What are the prime factors of r?
2, 23
Suppose -3*j = 3*s - 2817, -4*s + 2815 = 14*j - 11*j. List the prime factors of j.
941
Suppose 2*y + 33 = -49. Let w = 84 + y. What are the prime factors of w?
43
Let h(i) = -6*i + 3. Let m(u) = 3*u - 1. Let q(s) = -4*h(s) - 9*m(s). Suppose -4*n - n + 5*p = 60, -3*p - 27 = 4*n. What are the prime factors of q(n)?
2, 3
Suppose 0*x + 5*x + 2 = 3*v, x - 5*v + 18 = 0. Suppose -2*a - 3*a - x*d = 0, a + 2*d = -8. List the prime factors of (-4)/a*25/(-10).
5
Suppose -265 = i + 4*i. Let z(f) = -f**2 + 24*f + 27. Let p be z(19). Let w = p + i. What are the prime factors of w?
3, 23
Suppose -4*n - 5*v = -1867, v - 516 - 887 = -3*n. What are the prime factors of n?
2, 3, 13
Let w = 610 + -145. What are the prime factors of w?
3, 5, 31
Let q = 178 + -255. Let u = 73 - q. What are the prime factors of u?
2, 3, 5
Suppose -s = -3*y + 1007, -1848 = -4*y + 4*s - 500. List the prime factors of y.
5, 67
Let z(t) be the second derivative of 7*t**4/12 - 3*t**2 + 9*t. List the prime factors of z(3).
3, 19
Let a = 611 - -178. What are the prime factors of a?
3, 263
Suppose 0 = -q + 15 - 0. Let i = q - -47. List the prime factors of i.
2, 31
Suppose -4*b - 4*d = 24 - 88, -b + 4 = -2*d. What are the prime factors of b?
2, 3
Suppose 156 = 2*n - 28. Let i = n + -12. What are the prime factors of i?
2, 5
Suppose -o - 3*g + 456 = g, -5*o = 2*g - 2280. Suppose 162 = 2*b - 2*h, o = 4*b + 5*h + 123. List the prime factors of b.
2, 41
Suppose -2 = 3*g - 26. Suppose 342 = x + g*x. What are the prime factors of x?
2, 19
Let p(k) = 3*k**2 - 17*k + 2. What are the prime factors of p(8)?
2, 29
Suppose 2*d = 4*d - 6, 5*d = -3*s + 24. Suppose 2*v + 128 = 4*v - s*w, 2*w = -v + 78. Suppose p + v = 3*p. What are the prime factors of p?
5, 7
Suppose 0 = -4*r + 2*r - 4*c + 1736, 3*r + 2*c - 2592 = 0. What are the prime factors of r?
2, 431
Suppose o = 28*b - 26*b + 2068, 2*b + 6208 = 3*o. What are the prime factors of o?
2, 3, 5, 23
Let j be (-3 - (4 + 5))/(-2). Suppose 0 = 5*q - 2*q - j. Suppose -s + i - 3*i + 21 = 0, -46 = -2*s - q*i. List the prime factors of s.
5
Suppose 3*c = 56 + 148. Let w be 5*(3 - c/(-20)). What are the prime factors of w*-1*(-8)/16?
2
Suppose 12*o - 3596 = 3520. List the prime factors of o.
593
Suppose 4*b - 8432 = 2*z, -10*b = -13*b + z + 6322. What are the prime factors of b?
2, 3, 13
Suppose -i + 5 - 1 = 0. Let r = i - -9. List the prime factors of r.
13
Suppose 0 = -5*q - 2*j + 215 + 420, 0 = -2*q + 2*j + 268. Let n = q + 68. List the prime factors of n.
197
Let r = -333 + 126. Let h = -140 - r. Suppose 3*k = -19 + h. List the prime factors of k.
2
Let q be 6/(-8) - ((-15)/(-12) - 1). Suppose 3*p - 57 + 4 = -5*d, 0 = -d + 5*p + 5. List the prime factors of (-61)/q + (-30)/d.
2, 29
Suppose 2*b + 19*b - 378 = 0. What are the prime factors of b?
2, 3
Let s be (-8)/(-44) - (-185)/11. Suppose 20*i - 135 = s*i. List the prime factors of i.
3, 5
Let u = -362 + 772. Suppose -502 = -8*n + u. List the prime factors of n.
2, 3, 19
Suppose 0 = 2*k - 2*a + 2 - 36, -4*k - 2*a = -92. Let v = 24 - k. Suppose 0 = -5*u - 25, -v*m - u + 95 = m. What are the prime factors of m?
5
What are the prime factors of (-32492)/(-52) - (-2)/13?
5
Suppose 24*w + 4 = 26*w. What are the prime factors of (-12)/(w*(-1)/12)?
2, 3
Let k = 150 + -69. Let j = k + -33. List the prime factors of j.
2, 3
Let p = -8 + 9. Suppose 2*k - p = 3. What are the prime factors of (-18)/(-4) - 3/k?
3
Suppose 2*g = 6*g. Suppose g = -5*o + 673 - 93. L